{"id":11200,"date":"2025-09-17T11:02:17","date_gmt":"2025-09-17T09:02:17","guid":{"rendered":"http:\/\/lapalma.apanymantel.info\/?page_id=11200"},"modified":"2025-09-17T11:39:02","modified_gmt":"2025-09-17T09:39:02","slug":"navidad","status":"publish","type":"page","link":"https:\/\/pastisserialapalma.com\/cat\/productos\/celebraciones-y-diadas\/navidad\/","title":{"rendered":"Nadal"},"content":{"rendered":"<hr class=\"wp-block-separator alignwide has-text-color has-custom-calabaza-color has-alpha-channel-opacity has-custom-calabaza-background-color has-background\"\/>\n\n\n\n<div id=\"navidad\" class=\"wp-block-group has-global-padding is-layout-constrained wp-container-core-group-is-layout-45b5679e wp-block-group-is-layout-constrained\" style=\"margin-top:0;margin-bottom:0;padding-top:var(--wp--preset--spacing--60);padding-right:var(--wp--preset--spacing--40);padding-bottom:var(--wp--preset--spacing--60);padding-left:var(--wp--preset--spacing--40)\">\n<div class=\"wp-block-columns alignwide is-layout-flex wp-container-core-columns-is-layout-51c0b34d wp-block-columns-is-layout-flex\" style=\"padding-top:var(--wp--preset--spacing--50);padding-bottom:var(--wp--preset--spacing--50)\">\n<div class=\"wp-block-column is-layout-flow wp-block-column-is-layout-flow\" style=\"flex-basis:100%\">\n<figure class=\"wp-block-image aligncenter size-full\"><img loading=\"lazy\" decoding=\"async\" width=\"400\" height=\"300\" src=\"http:\/\/lapalma.apanymantel.info\/wp-content\/uploads\/2025\/09\/navidad-montaje.jpg\" alt=\"navidad todos los productos\" class=\"wp-image-11195\" srcset=\"https:\/\/pastisserialapalma.com\/wp-content\/uploads\/2025\/09\/navidad-montaje.jpg 400w, https:\/\/pastisserialapalma.com\/wp-content\/uploads\/2025\/09\/navidad-montaje-300x225.jpg 300w, https:\/\/pastisserialapalma.com\/wp-content\/uploads\/2025\/09\/navidad-montaje-16x12.jpg 16w\" sizes=\"auto, (max-width: 400px) 100vw, 400px\" \/><\/figure>\n<\/div>\n\n\n\n<div class=\"wp-block-column is-layout-flow wp-block-column-is-layout-flow\" style=\"flex-basis:100%\">\n<p>Durant les festes nadalenques a Pastisseria La Palma, elaborem multitud de productes que es consumeixen en aquestes dates. Tots elaborats de forma artesanal.<\/p>\n\n\n\n<p class=\"translation-block\">Per a <strong>Nadal<\/strong> elaborem:<br>Canap\u00e8s, Pastes salades, Entrepans, Briox farcits, Truites, Rebosteria de fruites naturals, Pastissos de fruites naturals, Pastissos i mousses, Tronc de Xixona o de Xocolata, Pasta de full i pasta seca.<\/p>\n<\/div>\n<\/div>\n\n\n\n<div class=\"wp-block-columns alignwide is-layout-flex wp-container-core-columns-is-layout-51c0b34d wp-block-columns-is-layout-flex\" style=\"padding-top:var(--wp--preset--spacing--50);padding-bottom:var(--wp--preset--spacing--50)\">\n<div class=\"wp-block-column is-layout-flow wp-block-column-is-layout-flow\" style=\"flex-basis:100%\">\n<p class=\"translation-block\">Per<strong> Cap d'Any<\/strong>:<br>Past\u00eds amb els 12 ra\u00efms, Past\u00eds amb rellotge, Past\u00eds de fruites amb xocolata, Cistelles i lots de gran qualitat.\n<br><strong>Lots:<br><\/strong>\nExtens assortiment en caixes de fusta amb cava, vins i brandi, Extensa exposici\u00f3 de petits regals amb caixa de fantasia i bombons artesanals, Cer\u00e0miques i bronzes de firmes nacionals.<\/p>\n<\/div>\n\n\n\n<div class=\"wp-block-column is-layout-flow wp-block-column-is-layout-flow\" style=\"flex-basis:100%\">\n<figure class=\"wp-block-image size-full\"><img loading=\"lazy\" decoding=\"async\" width=\"800\" height=\"600\" src=\"http:\/\/lapalma.apanymantel.info\/wp-content\/uploads\/2025\/09\/Lote-13.jpg\" alt=\"\" class=\"wp-image-11197\" srcset=\"https:\/\/pastisserialapalma.com\/wp-content\/uploads\/2025\/09\/Lote-13.jpg 800w, https:\/\/pastisserialapalma.com\/wp-content\/uploads\/2025\/09\/Lote-13-300x225.jpg 300w, https:\/\/pastisserialapalma.com\/wp-content\/uploads\/2025\/09\/Lote-13-768x576.jpg 768w, https:\/\/pastisserialapalma.com\/wp-content\/uploads\/2025\/09\/Lote-13-16x12.jpg 16w\" sizes=\"auto, (max-width: 800px) 100vw, 800px\" \/><\/figure>\n<\/div>\n<\/div>\n\n\n\n<div class=\"wp-block-columns alignwide is-layout-flex wp-container-core-columns-is-layout-51c0b34d wp-block-columns-is-layout-flex\" style=\"padding-top:var(--wp--preset--spacing--50);padding-bottom:var(--wp--preset--spacing--50)\">\n<div class=\"wp-block-column is-layout-flow wp-block-column-is-layout-flow\" style=\"flex-basis:100%\">\n<figure class=\"wp-block-image aligncenter size-full is-resized\"><img loading=\"lazy\" decoding=\"async\" width=\"300\" height=\"300\" src=\"http:\/\/lapalma.apanymantel.info\/wp-content\/uploads\/2025\/09\/navidad.jpg\" alt=\"turron de navidad\" class=\"wp-image-11167\" style=\"width:306px;height:auto\" srcset=\"https:\/\/pastisserialapalma.com\/wp-content\/uploads\/2025\/09\/navidad.jpg 300w, https:\/\/pastisserialapalma.com\/wp-content\/uploads\/2025\/09\/navidad-150x150.jpg 150w, https:\/\/pastisserialapalma.com\/wp-content\/uploads\/2025\/09\/navidad-12x12.jpg 12w\" sizes=\"auto, (max-width: 300px) 100vw, 300px\" \/><\/figure>\n<\/div>\n\n\n\n<div class=\"wp-block-column is-layout-flow wp-block-column-is-layout-flow\" style=\"flex-basis:100%\">\n<p><strong>Fabricants de torrons des de 1922:<br><\/strong>Mini rajoles de Torr\u00f3 (Novedad 2015) 160\/200 gr., Torr\u00f3 de Crema, Torr\u00f3 d'Alacant, Torr\u00f3 de Xixona, Torr\u00f3 de Rovell amb Canyella, Torr\u00f3 de Xocolata amb avellanes, Torr\u00f3 de xocolata amb ametlles, Torr\u00f3 de t\u00f2fona, Torr\u00f3 de massap\u00e0, Tur\u00f3 coco, Torr\u00f3 imperial de fruites, Torr\u00f3 de Cointreau, Torr\u00f3 crocanti, Torr\u00f3 de T\u00f2fona sense sucre, Torr\u00f3 7 Capricis Catalans, Torr\u00f3 de Xixona sense sucre, Torr\u00f3 d'Alacant sense sucre i Torr\u00f3 7 Meravelles.<\/p>\n<\/div>\n<\/div>\n<\/div>\n\n\n\n<div class=\"wp-block-jetpack-tiled-gallery aligncenter is-style-rectangular\"><div class=\"\"><div class=\"tiled-gallery__gallery\"><div class=\"tiled-gallery__row\"><div class=\"tiled-gallery__col\" style=\"flex-basis:70.05401%\"><figure class=\"tiled-gallery__item\"><img decoding=\"async\" srcset=\"https:\/\/i0.wp.com\/lapalma.apanymantel.info\/wp-content\/uploads\/2025\/09\/Lote-1.jpg?strip=info&#038;w=600 600w,https:\/\/i0.wp.com\/lapalma.apanymantel.info\/wp-content\/uploads\/2025\/09\/Lote-1.jpg?strip=info&#038;w=800 800w\" alt=\"Lote\" data-height=\"600\" data-id=\"11214\" data-link=\"http:\/\/lapalma.apanymantel.info\/productos\/celebraciones-y-diadas\/navidad\/lote-1\/\" data-url=\"http:\/\/lapalma.apanymantel.info\/wp-content\/uploads\/2025\/09\/Lote-1.jpg\" data-width=\"800\" src=\"https:\/\/i0.wp.com\/lapalma.apanymantel.info\/wp-content\/uploads\/2025\/09\/Lote-1.jpg\" data-amp-layout=\"responsive\"\/><\/figure><\/div><div class=\"tiled-gallery__col\" style=\"flex-basis:29.94599%\"><figure class=\"tiled-gallery__item\"><img decoding=\"async\" srcset=\"https:\/\/i0.wp.com\/lapalma.apanymantel.info\/wp-content\/uploads\/2025\/09\/Lote-3.jpg?strip=info&#038;w=600 600w,https:\/\/i0.wp.com\/lapalma.apanymantel.info\/wp-content\/uploads\/2025\/09\/Lote-3.jpg?strip=info&#038;w=800 800w\" alt=\"Lote\" data-height=\"600\" data-id=\"11213\" data-link=\"http:\/\/lapalma.apanymantel.info\/productos\/celebraciones-y-diadas\/navidad\/lote-3\/\" data-url=\"http:\/\/lapalma.apanymantel.info\/wp-content\/uploads\/2025\/09\/Lote-3.jpg\" data-width=\"800\" src=\"https:\/\/i0.wp.com\/lapalma.apanymantel.info\/wp-content\/uploads\/2025\/09\/Lote-3.jpg\" data-amp-layout=\"responsive\"\/><\/figure><figure class=\"tiled-gallery__item\"><img decoding=\"async\" srcset=\"https:\/\/i0.wp.com\/lapalma.apanymantel.info\/wp-content\/uploads\/2025\/09\/navidad-3.jpg?strip=info&#038;w=300 300w\" alt=\"Turr\u00f3n de jijona\" data-height=\"300\" data-id=\"11182\" data-link=\"http:\/\/lapalma.apanymantel.info\/navidad-3\/\" data-url=\"http:\/\/lapalma.apanymantel.info\/wp-content\/uploads\/2025\/09\/navidad-3.jpg\" data-width=\"300\" src=\"https:\/\/i0.wp.com\/lapalma.apanymantel.info\/wp-content\/uploads\/2025\/09\/navidad-3.jpg\" data-amp-layout=\"responsive\"\/><\/figure><\/div><\/div><div class=\"tiled-gallery__row\"><div class=\"tiled-gallery__col\" style=\"flex-basis:50.00000%\"><figure class=\"tiled-gallery__item\"><img decoding=\"async\" srcset=\"https:\/\/i0.wp.com\/lapalma.apanymantel.info\/wp-content\/uploads\/2025\/09\/navidad-2.jpg?strip=info&#038;w=300 300w\" alt=\"turr\u00f3n de alicante\" data-height=\"300\" data-id=\"11181\" data-link=\"http:\/\/lapalma.apanymantel.info\/navidad-2\/\" data-url=\"http:\/\/lapalma.apanymantel.info\/wp-content\/uploads\/2025\/09\/navidad-2.jpg\" data-width=\"300\" src=\"https:\/\/i0.wp.com\/lapalma.apanymantel.info\/wp-content\/uploads\/2025\/09\/navidad-2.jpg\" data-amp-layout=\"responsive\"\/><\/figure><\/div><div class=\"tiled-gallery__col\" style=\"flex-basis:50.00000%\"><figure class=\"tiled-gallery__item\"><img decoding=\"async\" srcset=\"https:\/\/i0.wp.com\/lapalma.apanymantel.info\/wp-content\/uploads\/2025\/09\/navidad-1.jpg?strip=info&#038;w=300 300w\" alt=\"\" data-height=\"300\" data-id=\"11180\" data-link=\"http:\/\/lapalma.apanymantel.info\/navidad-1\/\" data-url=\"http:\/\/lapalma.apanymantel.info\/wp-content\/uploads\/2025\/09\/navidad-1.jpg\" data-width=\"300\" src=\"https:\/\/i0.wp.com\/lapalma.apanymantel.info\/wp-content\/uploads\/2025\/09\/navidad-1.jpg\" data-amp-layout=\"responsive\"\/><\/figure><\/div><\/div><\/div><\/div><\/div>","protected":false},"excerpt":{"rendered":"<p>Durante las fiestas navide\u00f1as en Pastisseria La Palma, elaboramos multitud de productos que se consumen en estas fechas. Todos ellos elaborados de forma artesanal. Para Navidad elaboramos:Canap\u00e9s, Pastas saladas, Bocadillos, Briox rellenos, Tortillas, Reposter\u00eda de frutas naturales, Pasteles de frutas naturales, Pasteles y mousses, Tronco de Jijona o de Chocolate, Hojaldre y pasta seca. Para [&hellip;]<\/p>\n","protected":false},"author":1,"featured_media":0,"parent":11063,"menu_order":0,"comment_status":"closed","ping_status":"closed","template":"","meta":{"footnotes":""},"class_list":["post-11200","page","type-page","status-publish","hentry"],"jetpack_sharing_enabled":true,"_links":{"self":[{"href":"https:\/\/pastisserialapalma.com\/cat\/wp-json\/wp\/v2\/pages\/11200","targetHints":{"allow":["GET"]}}],"collection":[{"href":"https:\/\/pastisserialapalma.com\/cat\/wp-json\/wp\/v2\/pages"}],"about":[{"href":"https:\/\/pastisserialapalma.com\/cat\/wp-json\/wp\/v2\/types\/page"}],"author":[{"embeddable":true,"href":"https:\/\/pastisserialapalma.com\/cat\/wp-json\/wp\/v2\/users\/1"}],"replies":[{"embeddable":true,"href":"https:\/\/pastisserialapalma.com\/cat\/wp-json\/wp\/v2\/comments?post=11200"}],"version-history":[{"count":7,"href":"https:\/\/pastisserialapalma.com\/cat\/wp-json\/wp\/v2\/pages\/11200\/revisions"}],"predecessor-version":[{"id":11223,"href":"https:\/\/pastisserialapalma.com\/cat\/wp-json\/wp\/v2\/pages\/11200\/revisions\/11223"}],"up":[{"embeddable":true,"href":"https:\/\/pastisserialapalma.com\/cat\/wp-json\/wp\/v2\/pages\/11063"}],"wp:attachment":[{"href":"https:\/\/pastisserialapalma.com\/cat\/wp-json\/wp\/v2\/media?parent=11200"}],"curies":[{"name":"wp","href":"https:\/\/api.w.org\/{rel}","templated":true}]}}

<hr class="wp-block-separator alignwide has-text-color has-custom-calabaza-color has-alpha-channel-opacity has-custom-calabaza-background-color has-background"/>



<div id="navidad" class="wp-block-group has-global-padding is-layout-constrained wp-container-core-group-is-layout-45b5679e wp-block-group-is-layout-constrained" style="margin-top:0;margin-bottom:0;padding-top:var(--wp--preset--spacing--60);padding-right:var(--wp--preset--spacing--40);padding-bottom:var(--wp--preset--spacing--60);padding-left:var(--wp--preset--spacing--40)">
<div class="wp-block-columns alignwide is-layout-flex wp-container-core-columns-is-layout-51c0b34d wp-block-columns-is-layout-flex" style="padding-top:var(--wp--preset--spacing--50);padding-bottom:var(--wp--preset--spacing--50)">
<div class="wp-block-column is-layout-flow wp-block-column-is-layout-flow" style="flex-basis:100%">
<figure class="wp-block-image aligncenter size-full"><img loading="lazy" decoding="async" width="400" height="300" src="http://lapalma.apanymantel.info/wp-content/uploads/2025/09/navidad-montaje.jpg" alt="navidad todos los productos" class="wp-image-11195" srcset="https://pastisserialapalma.com/wp-content/uploads/2025/09/navidad-montaje.jpg 400w, https://pastisserialapalma.com/wp-content/uploads/2025/09/navidad-montaje-300x225.jpg 300w, https://pastisserialapalma.com/wp-content/uploads/2025/09/navidad-montaje-16x12.jpg 16w" sizes="auto, (max-width: 400px) 100vw, 400px" /></figure>
</div>



<div class="wp-block-column is-layout-flow wp-block-column-is-layout-flow" style="flex-basis:100%">
<p>Durant les festes nadalenques a Pastisseria La Palma, elaborem multitud de productes que es consumeixen en aquestes dates. Tots elaborats de forma artesanal.</p>



<p class="translation-block">Per a <strong>Nadal</strong> elaborem:<br>Canapès, Pastes salades, Entrepans, Briox farcits, Truites, Rebosteria de fruites naturals, Pastissos de fruites naturals, Pastissos i mousses, Tronc de Xixona o de Xocolata, Pasta de full i pasta seca.</p>
</div>
</div>



<div class="wp-block-columns alignwide is-layout-flex wp-container-core-columns-is-layout-51c0b34d wp-block-columns-is-layout-flex" style="padding-top:var(--wp--preset--spacing--50);padding-bottom:var(--wp--preset--spacing--50)">
<div class="wp-block-column is-layout-flow wp-block-column-is-layout-flow" style="flex-basis:100%">
<p class="translation-block">Per<strong> Cap d'Any</strong>:<br>Pastís amb els 12 raïms, Pastís amb rellotge, Pastís de fruites amb xocolata, Cistelles i lots de gran qualitat.
<br><strong>Lots:<br></strong>
Extens assortiment en caixes de fusta amb cava, vins i brandi, Extensa exposició de petits regals amb caixa de fantasia i bombons artesanals, Ceràmiques i bronzes de firmes nacionals.</p>
</div>



<div class="wp-block-column is-layout-flow wp-block-column-is-layout-flow" style="flex-basis:100%">
<figure class="wp-block-image size-full"><img loading="lazy" decoding="async" width="800" height="600" src="http://lapalma.apanymantel.info/wp-content/uploads/2025/09/Lote-13.jpg" alt="" class="wp-image-11197" srcset="https://pastisserialapalma.com/wp-content/uploads/2025/09/Lote-13.jpg 800w, https://pastisserialapalma.com/wp-content/uploads/2025/09/Lote-13-300x225.jpg 300w, https://pastisserialapalma.com/wp-content/uploads/2025/09/Lote-13-768x576.jpg 768w, https://pastisserialapalma.com/wp-content/uploads/2025/09/Lote-13-16x12.jpg 16w" sizes="auto, (max-width: 800px) 100vw, 800px" /></figure>
</div>
</div>



<div class="wp-block-columns alignwide is-layout-flex wp-container-core-columns-is-layout-51c0b34d wp-block-columns-is-layout-flex" style="padding-top:var(--wp--preset--spacing--50);padding-bottom:var(--wp--preset--spacing--50)">
<div class="wp-block-column is-layout-flow wp-block-column-is-layout-flow" style="flex-basis:100%">
<figure class="wp-block-image aligncenter size-full is-resized"><img loading="lazy" decoding="async" width="300" height="300" src="http://lapalma.apanymantel.info/wp-content/uploads/2025/09/navidad.jpg" alt="turron de navidad" class="wp-image-11167" style="width:306px;height:auto" srcset="https://pastisserialapalma.com/wp-content/uploads/2025/09/navidad.jpg 300w, https://pastisserialapalma.com/wp-content/uploads/2025/09/navidad-150x150.jpg 150w, https://pastisserialapalma.com/wp-content/uploads/2025/09/navidad-12x12.jpg 12w" sizes="auto, (max-width: 300px) 100vw, 300px" /></figure>
</div>



<div class="wp-block-column is-layout-flow wp-block-column-is-layout-flow" style="flex-basis:100%">
<p><strong>Fabricants de torrons des de 1922:<br></strong>Mini rajoles de Torró (Novedad 2015) 160/200 gr., Torró de Crema, Torró d'Alacant, Torró de Xixona, Torró de Rovell amb Canyella, Torró de Xocolata amb avellanes, Torró de xocolata amb ametlles, Torró de tòfona, Torró de massapà, Turó coco, Torró imperial de fruites, Torró de Cointreau, Torró crocanti, Torró de Tòfona sense sucre, Torró 7 Capricis Catalans, Torró de Xixona sense sucre, Torró d'Alacant sense sucre i Torró 7 Meravelles.</p>
</div>
</div>
</div>



<div class="wp-block-jetpack-tiled-gallery aligncenter is-style-rectangular"><div class=""><div class="tiled-gallery__gallery"><div class="tiled-gallery__row"><div class="tiled-gallery__col" style="flex-basis:70.05401%"><figure class="tiled-gallery__item"><img decoding="async" srcset="https://i0.wp.com/lapalma.apanymantel.info/wp-content/uploads/2025/09/Lote-1.jpg?strip=info&#038;w=600 600w,https://i0.wp.com/lapalma.apanymantel.info/wp-content/uploads/2025/09/Lote-1.jpg?strip=info&#038;w=800 800w" alt="Lote" data-height="600" data-id="11214" data-link="http://lapalma.apanymantel.info/productos/celebraciones-y-diadas/navidad/lote-1/" data-url="http://lapalma.apanymantel.info/wp-content/uploads/2025/09/Lote-1.jpg" data-width="800" src="https://i0.wp.com/lapalma.apanymantel.info/wp-content/uploads/2025/09/Lote-1.jpg" data-amp-layout="responsive"/></figure></div><div class="tiled-gallery__col" style="flex-basis:29.94599%"><figure class="tiled-gallery__item"><img decoding="async" srcset="https://i0.wp.com/lapalma.apanymantel.info/wp-content/uploads/2025/09/Lote-3.jpg?strip=info&#038;w=600 600w,https://i0.wp.com/lapalma.apanymantel.info/wp-content/uploads/2025/09/Lote-3.jpg?strip=info&#038;w=800 800w" alt="Lote" data-height="600" data-id="11213" data-link="http://lapalma.apanymantel.info/productos/celebraciones-y-diadas/navidad/lote-3/" data-url="http://lapalma.apanymantel.info/wp-content/uploads/2025/09/Lote-3.jpg" data-width="800" src="https://i0.wp.com/lapalma.apanymantel.info/wp-content/uploads/2025/09/Lote-3.jpg" data-amp-layout="responsive"/></figure><figure class="tiled-gallery__item"><img decoding="async" srcset="https://i0.wp.com/lapalma.apanymantel.info/wp-content/uploads/2025/09/navidad-3.jpg?strip=info&#038;w=300 300w" alt="Turrón de jijona" data-height="300" data-id="11182" data-link="http://lapalma.apanymantel.info/navidad-3/" data-url="http://lapalma.apanymantel.info/wp-content/uploads/2025/09/navidad-3.jpg" data-width="300" src="https://i0.wp.com/lapalma.apanymantel.info/wp-content/uploads/2025/09/navidad-3.jpg" data-amp-layout="responsive"/></figure></div></div><div class="tiled-gallery__row"><div class="tiled-gallery__col" style="flex-basis:50.00000%"><figure class="tiled-gallery__item"><img decoding="async" srcset="https://i0.wp.com/lapalma.apanymantel.info/wp-content/uploads/2025/09/navidad-2.jpg?strip=info&#038;w=300 300w" alt="turrón de alicante" data-height="300" data-id="11181" data-link="http://lapalma.apanymantel.info/navidad-2/" data-url="http://lapalma.apanymantel.info/wp-content/uploads/2025/09/navidad-2.jpg" data-width="300" src="https://i0.wp.com/lapalma.apanymantel.info/wp-content/uploads/2025/09/navidad-2.jpg" data-amp-layout="responsive"/></figure></div><div class="tiled-gallery__col" style="flex-basis:50.00000%"><figure class="tiled-gallery__item"><img decoding="async" srcset="https://i0.wp.com/lapalma.apanymantel.info/wp-content/uploads/2025/09/navidad-1.jpg?strip=info&#038;w=300 300w" alt="" data-height="300" data-id="11180" data-link="http://lapalma.apanymantel.info/navidad-1/" data-url="http://lapalma.apanymantel.info/wp-content/uploads/2025/09/navidad-1.jpg" data-width="300" src="https://i0.wp.com/lapalma.apanymantel.info/wp-content/uploads/2025/09/navidad-1.jpg" data-amp-layout="responsive"/></figure></div></div></div></div></div>

<p>Durante las fiestas navideñas en Pastisseria La Palma, elaboramos multitud de productos que se consumen en estas fechas. Todos ellos elaborados de forma artesanal. Para Navidad elaboramos:Canapés, Pastas saladas, Bocadillos, Briox rellenos, Tortillas, Repostería de frutas naturales, Pasteles de frutas naturales, Pasteles y mousses, Tronco de Jijona o de Chocolate, Hojaldre y pasta seca. Para [&hellip;]</p>
